 -5*q + k - 27870 = 5*k, -4*q + 3*k = 22327. Let n = q - -12370. List the prime factors of (-4)/22 - n/(-88).
7, 11
Let z(a) = -66*a - 110. Let n be z(-5). Suppose n = 2*c - 36. List the prime factors of c.
2
Let n(g) = 3*g**2 - 107*g - 178. What are the prime factors of n(-55)?
2, 19, 389
Suppose -7*n + 4468 - 4377 = 0. What are the prime factors of 3 - 13/(n/(-552))?
3, 5, 37
Let x(a) = -a**3 + 4*a**2 + 2*a - 12. Let h be x(3). Suppose 2*i - 1837 = 10*l - 9*l, -h*l = 5*i - 4609. List the prime factors of i.
2, 5, 23
Suppose 7 + 1 = 2*h - 4*z, 3*h - 5*z = 10. Suppose -2*g - 29 + 2 = q, 4*q + g + 87 = h. List the prime factors of (-210)/q + 1/1.
11
Let c(y) = 10*y**2 - y. Let n be c(-1). Let s(k) = 3*k + 4. Let a be s(n). Let v = -20 + a. List the prime factors of v.
17
Suppose 23470 = -6*s - 4*s. Let v = -788 - s. List the prime factors of v.
1559
Suppose 20*w = 53821 + 41599. List the prime factors of w.
13, 367
Let q = -26 + 40. Let d be (-1 - q)*(6 + -7). List the prime factors of 2290/d + 3 - 2/(-6).
2, 3, 13
Suppose -3*b - 828 = -2562. List the prime factors of 5 - (-4 + 3)*b - -6.
19, 31
Let n be 136/(-748) - 1316/22. Let f = 666 - n. What are the prime factors of f?
2, 3, 11
Let n = 22729 - 14574. List the prime factors of n.
5, 7, 233
Let h be (-3)/((-24)/70) + (-66)/88. Let y(o) = -12*o**2 + 3 - 8 - 3*o**3 + 3*o**2 + 4*o**3 + 10*o. What are the prime factors of y(h)?
11
Let k = 188 + -184. Suppose k*z - 19 = 41. What are the prime factors of z?
3, 5
Let g be (2*(-2)/6)/(4/(-13638)). Suppose 7*b - 4335 = g. Suppose 0 = 5*t - l - b, 4*t + 5*l = 594 + 138. List the prime factors of t.
2, 47
Suppose -3*f + 5*j = j + 154, -4*f - 2*j - 176 = 0. Let a = f - -42. Let u(y) = 8*y**2 - 8*y - 11. What are the prime factors of u(a)?
149
Let b(x) = -x**2 - 1. Let a(o) = -4*o**2 + 2*o - 10. Let n(i) = -a(i) + 3*b(i). Let m = -1168 - -1176. What are the prime factors of n(m)?
5, 11
Let b(p) = -27*p + 19 - p - 37 + 41. Let m be b(6). Let d = m - -341. List the prime factors of d.
2, 7
Let x = -3529 - -5162. Let l = -862 + x. What are the prime factors of l?
3, 257
Let w(n) be the first derivative of -3*n**2 - 7*n + 30. Let i be w(-2). Suppose -787 + 202 = -i*b. What are the prime factors of b?
3, 13
Suppose t + 2*t + 36 = 4*q, 3*q + 2*t = 10. Let l(y) = -2 + 5*y**3 - 5*y**2 - 2 - 4*y**3 - 8 - 2*y. What are the prime factors of l(q)?
2, 3
Suppose -744785 = -81*m + 405172. List the prime factors of m.
14197
Suppose 4*a - 1003 = 905. Let p = -534 + 547. Suppose p*z = 4*z + a. What are the prime factors of z?
53
Let g(u) = -u**3 + 16*u**2 - 4*u + 34. List the prime factors of g(13).
3, 163
Let z be 0/((4/2)/2). Let g be (-1 + z/1)/(-1). What are the prime factors of 23*((2 - g) + 1)?
2, 23
Let v be ((-9)/(90/65))/(1/(-542)). Let p = -2466 + v. List the prime factors of p.
7, 151
Suppose -t + 15 = 2*t + 4*z, 8*z = 7*z. Let i = -2 + 3. What are the prime factors of (2 - t/2)*(i + -95)?
47
Suppose -2*q + 1 = -3. Let p(m) = -m**2 - 21*m - 13. Let r be p(-20). Suppose q*t + r = -3*z, 0 = 3*z + 14 + 1. List the prime factors of t.
2
Let w(q) = -172 - 170 + 340 + 49*q. What are the prime factors of w(11)?
3, 179
Suppose 23654*n - 23635*n - 1381566 = 0. What are the prime factors of n?
2, 3, 12119
Let a(h) = 14*h - 9. Let m(u) = 30*u - 18. Let b(l) = -9*a(l) + 4*m(l). Let f be b(4). Let k = 27 + f. List the prime factors of k.
2, 3
Suppose m = 5*i - 10343, 2 = -3*m - 7. Suppose -4*a + 8 = 0, -2*n - 2*n + i = -2*a. What are the prime factors of n?
2, 7, 37
Let n = 128 - 189. Let f = 51 - 87. Let k = f - n. What are the prime factors of k?
5
Suppose 2*a - 46 = 5*l - 156, 0 = -5*a + 3*l - 237. List the prime factors of a/105 + 2694/14.
2, 3
Let r(a) = -a**3 - 4*a**2 + 56*a + 20. What are the prime factors of r(-17)?
5, 113
List the prime factors of (2 - 325/100)/((-2)/7440).
2, 3, 5, 31
Suppose 5*y - 4*p - 53 = -17, -2*p - 4 = y. Let i be y/6 + (-448)/(-21). Let u = 83 - i. What are the prime factors of u?
61
Suppose -9*g + 4*g - 20 = -5*r, -2*g = -5*r + 23. Suppose w - r*w = -12. Suppose -6*d + 2*d + w*c = -516, d - c - 129 = 0. What are the prime factors of d?
3, 43
Suppose -2*i + 29 = 31. What are the prime factors of 17860/28 - (i - 6/(-7))?
2, 11, 29
List the prime factors of (1/((-15)/(-9)))/((-42)/(-229110)).
3, 1091
Let m(q) = q**3 + 71*q**2 + 72*q + 489. What are the prime factors of m(-70)?
349
Let z(i) = 40*i**2 + 11*i + 0 - 13 - 41*i**2. Let n be z(10). List the prime factors of 4/6 + (-241)/n.
3
Let z = -508 - -758. List the prime factors of (2/2 + 107)*z/75.
2, 3, 5
Let o(f) = -81*f - 5. Suppose -3*n = 9 - 0. Let s be o(n). Suppose -2*k = 3*w - 7*w - s, 0 = 2*k - w - 238. What are the prime factors of k?
7, 17
What are the prime factors of 2246 + 1*(7 + -8)?
5, 449
Let d = 185 - 167. What are the prime factors of (-3)/d - (-23470)/60?
17, 23
Let g = 447 + -638. Let k = 369 - g. What are the prime factors of k?
2, 5, 7
Let a = -588 + 507. List the prime factors of (-15639)/a - 40/540.
193
Suppose 115 - 106 = 3*g. What are the prime factors of (-88)/(-1) + (g - 0)?
7, 13
Suppose 4*k = 83 + 481. Let r = 371 + k. List the prime factors of r.
2
Let s(w) = -2308*w + 408. List the prime factors of s(-4).
2, 5, 241
Let x(p) = -p + 12. Let j be x(5). Suppose -j*i = -54 + 250. What are the prime factors of 877/7 - (-8)/i?
5
Let n(b) = 5*b**3 + b**2 - 7*b - 16. Let l be n(6). Let q = l - 416. What are the prime factors of q?
2, 3, 107
Suppose 11*f - 3*f - 1360 = 0. Suppose -4*h + 2 = f. Let g = h + 44. List the prime factors of g.
2
Let x(y) = -2*y - 2*y + 29*y**2 + 9*y - 2*y**2 + 4. Let r be x(-3). Suppose 236*d = r*d + 1136. What are the prime factors of d?
2, 71
Let l(q) = -2973*q + 735. List the prime factors of l(-3).
2, 3, 1609
Suppose -54*j + 1102528 - 173507 = -362011. What are the prime factors of j?
2, 43, 139
Let c(z) = 4*z**3 - 3*z**2 - 4*z + 6. Let n(i) = -i**2 - 9*i + 41. Let s be n(-12). What are the prime factors of c(s)?
3, 137
Let o = 7990 + -5349. List the prime factors of o.
19, 139
Let a(s) = -1738*s + 12994. What are the prime factors of a(0)?
2, 73, 89
What are the prime factors of (350/(-3))/(-5)*19869/74?
5, 7, 179
Let i be 55/(-11) - (2 + -76). Let t = i + -18. Let f = 114 - t. What are the prime factors of f?
3, 7
Suppose -3*n - 2*l = 76, 5*l - 3 + 13 = 0. What are the prime factors of n/13 - -2 - (-68460)/156?
439
Suppose -120 = -4*q + 4*w, 4*q - w - 112 - 5 = 0. Suppose y + 2*x = 243 + q, 0 = -y + 3*x + 277. List the prime factors of y.
2, 137
List the prime factors of 152935/10 + 3/(3*(-4)/6).
2, 3823
Let o(u) = -304*u + 16. Let f be o(-5). Suppose 0 = 99*q - 95*q - f. List the prime factors of q.
2, 3
Suppose 363 = -3*q + 6*q. Let f = 162 - q. What are the prime factors of f?
41
Let j(o) = -5*o**2 + 3*o + 60. Let z(b) = -b**2 - b - 2. Let a(q) = j(q) - 6*z(q). List the prime factors of a(19).
2, 151
Let l(g) = -6*g**3 - 11*g**2 + 17*g + 14. List the prime factors of l(-14).
2, 7, 503
Let x be ((-8)/3)/(14/(-21)). Suppose 0 = 2*m + m - x*k - 26, 0 = 2*m - k - 9. Suppose 323 = 5*l + m*y, -y + 67 = l - 3*y. What are the prime factors of l?
5, 13
Let s be (-141)/(-6) + ((-12)/8)/(-3). Suppose 7*k - s = k. Suppose -5*i + 185 = u, -k*u + 247 = -i - 409. What are the prime factors of u?
3, 5, 11
Let u = 16 + -17. Let r(b) be the third derivative of -19*b**6/120 + b**5/30 + b**4/24 - b**3/3 + 53*b**2. List the prime factors of r(u).
2, 3
Suppose -334389 = 93*a + 4*a - 1041616. List the prime factors of a.
23, 317
Let u(t) = -t**3 - 15*t**2 - 17*t + 15. Suppose 5*a - 8*m = -5*m - 87, 3*m = 12. Let w be u(a). Suppose 7*x = 353 + w. List the prime factors of x.
89
Let v(n) = -2*n - 13. Let a be v(-8). Let o be a + -4 + (-3)/(3/5). Let c(h) = -20*h - 10. List the prime factors of c(o).
2, 5, 11
Let f(q) = -q**3 + 6*q**2 + 7*q - 9. Let j be f(7). Let p(x) = -x**3 - 9*x**2 - x - 7. Let t be p(j). Suppose -t = -2*d + d. List the prime factors of d.
2
Let o = -38 + 41. Let w = 6 - o. Suppose 2 = t - w. List the prime factors of t.
5
Suppose -6*w - 3*h = -8*w - 56, 2*h = 0. What are the prime factors of (w/(-12) + -5)*(-2595)/20?
2, 173
Let n = 171 - 342. Let j = n - -604. List the prime factors of j.
433
Let c be (-3)/(-4) - 12908/16. Let t =